**3 - 4*m**2 - 4*m - 14. Let v be k(8). Let s be (4/8)/(1/v). Calculate the greatest common factor of s and 15.
15
Let i(p) = -25*p - 1. Let j be i(-1). Let n be (-3)/12 + (-1803)/(-12). Let o be n/j - 2/8. What is the greatest common factor of o and 15?
3
Let b(s) = -97*s + 11. Let v = 6 - 15. Let h be b(v). Suppose 0 = 5*r + 4*y - h, -r + 5*y + 560 = 2*r. Calculate the greatest common factor of r and 20.
20
Let w = 26 - 6. Let r(s) = -s**3 + s - 1. Let l be r(-2). Suppose l*y - 16 = 4. What is the greatest common divisor of y and w?
4
Suppose 3*c - x = 595, 5*x = -2*c + 4*x + 405. Suppose 4*u - 2*s - 74 = -5*s, 0 = -5*s - 10. What is the greatest common divisor of c and u?
20
Suppose 24 = -35*l + 59. What is the highest common divisor of 11 and l?
1
Suppose 2 = 2*c - 0*c. Suppose 0 = 4*u - u - 15, -5*m - 155 = -4*u. Let f = m - -28. Calculate the highest common factor of f and c.
1
Suppose -3*h + 2*d + 28 = 2*h, -3*d - 16 = -h. Suppose 3*q + 4*z = -q, -h*q - 2*z + 4 = 0. Calculate the greatest common factor of 14 and q.
2
Let h(i) = -i**3 - 6*i**2 - 16*i - 18. Let d be h(-4). Calculate the highest common divisor of 896 and d.
14
Suppose 2*v - v = s + 3, 2*v + 3*s - 21 = 0. Suppose -3*k = -v*k + 63. Suppose -3*w + 43 = 1. What is the greatest common divisor of k and w?
7
Suppose -62 + 27 = 5*b. Let j(l) = -l**2 - 10*l - 7. Let d be j(b). Calculate the highest common divisor of 2 and d.
2
Let r(c) = c**2 - 5*c + 6. Let t be r(11). Let o = -47 + t. Let a be (-2)/(-4) - (-18)/4. What is the highest common factor of o and a?
5
Let x(c) = c - 1. Let v be x(6). Suppose v*w - 16 = 3*w. Suppose -z = 5*d + 2*z - 31, 0 = -4*d - 2*z + 26. Calculate the greatest common factor of d and w.
8
Let k be (162/(-4))/((-12)/16). Let a = -27 + 63. What is the highest common divisor of k and a?
18
Suppose i - 1 = 4. Suppose 2*j + 15 - 1 = 3*s, -5*s = -i*j - 30. Let b = s - -22. Calculate the greatest common divisor of b and 264.
24
Let c = -10 - -19. Let l be 5 + 0 + 1/(-1). Suppose -r = -5*d + 181, -d - 2*r + l = -30. Calculate the highest common factor of d and c.
9
Suppose 12*n + 69 = 15*n. Let h = n - -11. What is the greatest common divisor of h and 238?
34
Suppose 3*b = -2*x + 6*b + 141, 4*x + 4*b - 272 = 0. What is the highest common factor of x and 24?
3
Let a = -9 + 18. Let c be (-1)/14*-88 - (-6)/(-21). Calculate the greatest common factor of c and a.
3
Let f = -1192 - -1246. What is the highest common divisor of f and 18?
18
Let c(l) = -l + 22. Let u(q) = 4*q - 4. Let p be u(2). Let r be c(p). Calculate the highest common factor of r and 45.
9
Let g(y) = 9*y**3 - 2*y**2 - y + 2. Let s be g(1). Suppose 0 = s*q - 11*q + 9. Calculate the highest common divisor of q and 24.
3
Let m = 364 - 355. What is the greatest common factor of m and 24?
3
Let i = -412 + 468. What is the highest common factor of i and 224?
56
Let x be 2/5 + (-178)/(-5). Let d(k) = -k**2 + 46*k - 36. Let t be d(45). Calculate the highest common factor of x and t.
9
Let w(u) = 93*u + 274. Let q be w(-2). Let b(x) = 23*x**3 - 1. Let f be b(1). What is the highest common divisor of f and q?
22
Let c(d) = d - 8. Let m(t) = -t + 4. Let l(z) = -6*c(z) - 11*m(z). Let r be l(4). Suppose 9*h = 2661 - 2589. What is the greatest common factor of r and h?
8
Suppose y = -v + 8, 0 = 4*v - 6 - 10. Calculate the greatest common factor of y and 80.
4
Suppose 3*j + 76 = 5*j. Suppose 134 = 3*u + j. Suppose 5*h - u = 8. Calculate the greatest common factor of 2 and h.
2
Suppose -i + 5*u = -496, u + 10 = -4*u. Calculate the highest common divisor of i and 18.
18
Suppose 0 = -3*s - s + 3*k + 31, 0 = 2*s - 3*k - 23. What is the highest common factor of s and 28?
4
Let x(d) be the first derivative of d**4/2 - d**3 - 3*d**2 + 10*d - 28. Let q be x(3). What is the highest common factor of 57 and q?
19
Let b = -137 - -275. What is the greatest common divisor of 460 and b?
46
Let k = -166 + 396. Suppose 7*v + 5*d = 4*v + 155, 2*d - k = -4*v. Calculate the greatest common factor of 40 and v.
20
Let w(s) = -11*s + 45. Let i be w(0). Calculate the highest common divisor of 5 and i.
5
Let u be 2 + -10 + 4/(-4). Let l be ((1 - (u - -2)) + 2)*1. What is the highest common factor of 4 and l?
2
Suppose 141*m - 164*m + 5658 = 0. Calculate the highest common divisor of 902 and m.
82
Suppose 0*n = 5*n - 50. Let x = -210 + 460. Calculate the greatest common factor of n and x.
10
Let f(j) = -4*j + 1. Let l be f(-1). Let m be (-2 - (2 - l)) + 8. Calculate the highest common divisor of 9 and m.
9
Suppose -75 = 30*s - 45*s. Calculate the highest common factor of s and 565.
5
Suppose 0 = 4*o - 137 + 61. What is the greatest common factor of o and 76?
19
Let q = -248 - -387. Let l = q - 54. Let u = 12 + 5. Calculate the highest common divisor of l and u.
17
Suppose 10*u - 560 = -0*u. Calculate the highest common factor of u and 8.
8
Let z(p) = -2*p + 14*p**2 + 31*p**2 - 1 + p. Let m be 9/(-4) + (-42)/24 + 3. Let y be z(m). Calculate the highest common factor of y and 18.
9
Let l be (2/(-4))/((-37)/7104). What is the highest common factor of l and 108?
12
Let a = -389 + 439. Calculate the highest common divisor of a and 675.
25
Suppose 138 + 74 = 4*s. Suppose 3*n = -0*n - f + s, 4*n = -3*f + 79. Suppose 0 = -2*y + 74 - n. What is the greatest common divisor of 29 and y?
29
Let p(n) = -n**3 + 21*n**2 - 34*n - 56. Let m be p(19). Calculate the greatest common factor of m and 2010.
10
Let j be 7/(-2)*12/(-21). Let c be 1557/12 + j/8. Let h = -762 - -788. What is the highest common divisor of c and h?
26
Suppose 0 = 5*j - 2*d + 270, -3*j = -d - 87 + 250. Let u = 37 - j. Calculate the greatest common divisor of u and 62.
31
Let v be ((-17)/170 - (-7842)/20) + -2. What is the highest common divisor of v and 20?
10
Suppose d - 20 = -3*z, -3*d = -15*z + 16*z + 4. Calculate the greatest common factor of z and 488.
8
Let c = -3 - -2. Let g be c/((-1)/1) + 29. Let u = 26439 + -26419. Calculate the highest common factor of u and g.
10
Let b = -236 - -566. Suppose -33*v + 28*v = -b. Calculate the highest common factor of 22 and v.
22
Let d = -308 - -311. Suppose -2*u + s + 61 = 2*u, 2*u + 3*s - 13 = 0. Let j = u - d. Calculate the highest common factor of 11 and j.
11
Suppose 0 = -2*s - 0*s - 2*u + 6, 0 = -4*s + 5*u + 21. Let p be 64*s/10*5/4. What is the greatest common factor of 24 and p?
8
Suppose 12*j + 230 = 7*j. Let y = -38 - j. What is the greatest common factor of y and 12?
4
Let w be 6/5*(((-135)/(-10) - -2) + -3). Let j = 14 + 1. Calculate the greatest common factor of w and j.
15
Let a = -23 + 28. Suppose -d - 4*f + 14 = 1, 2*d = a*f. Let g be 0 - -2*(2 - 1). Calculate the highest common divisor of g and d.
1
Let t be (16/20)/((-4)/50). Let k be (12/t)/((-9)/30). Suppose -5*q + k*i + 83 = 8, 3*i = -15. What is the highest common factor of q and 22?
11
Let n be (178/(-623))/((-1)/49). Suppose 44 = -u - 0*u + 2*x, 4*x = 20. Let l be 1/2*2 - u. What is the greatest common factor of l and n?
7
Suppose 70 = 2*h - 18. Let u be -4 + -18*(-8)/12. Let v(n) = n**3 - 9*n**2 + 7*n + 19. Let m be v(u). Calculate the highest common factor of h and m.
11
Suppose -39 - 26 = 5*v - 5*r, -43 = 4*v - r. Let i be v/20 + 290/4. What is the greatest common factor of i and 24?
24
Let z(d) = -d**3 + 11*d**2 - 10*d - 44 + 33 - d. Let c be z(10). Let u be (14/c)/(1/(-3)). What is the highest common factor of u and 6?
2
Let r = 606 - 436. Calculate the greatest common factor of 238 and r.
34
Suppose 0 = 12*s - 3180 - 1380. Suppose -q - s = -6*q. What is the greatest common factor of q and 190?
38
Suppose -28 = 4*u - 4*w - 0*w, -3*u - 5*w = 53. Let h = u - -41. Calculate the highest common divisor of 40 and h.
10
Suppose 0 = -v - 58 + 64. Let l(j) = 2*j**2 + 2*j + 21. Let o be l(v). What is the greatest common divisor of o and 15?
15
Let n = 17 + -12. Let c = -9 + 44. Suppose 5*s + c - 110 = 0. Calculate the greatest common factor of n and s.
5
Suppose -5*s - 34 = -419. Calculate the greatest common divisor of s and 7.
7
Suppose -87438 = -26*q - 12*q. What is the greatest common divisor of 39 and q?
39
Suppose -42 - 3 = -9*v. Suppose -45 = -w + 2*q, w - 5*q = 4*w - 135. Calculate the highest common factor of v and w.
5
Suppose 10296 = -408*b + 419*b. What is 